{"id":1341,"date":"2022-01-04T09:02:49","date_gmt":"2022-01-04T09:02:49","guid":{"rendered":"https:\/\/democontent.codex-themes.com\/sites-wpb-v5\/shop-plants\/?page_id=1341"},"modified":"2023-03-15T10:58:50","modified_gmt":"2023-03-15T16:58:50","slug":"inicio","status":"publish","type":"page","link":"https:\/\/blooming.com.mx\/","title":{"rendered":"Inicio"},"content":{"rendered":"<p>[vc_row css=&#8221;.vc_custom_1658771225147{padding-bottom: -50px !important;}&#8221;][vc_column][vc_column_text]<span style=\"vertical-align: inherit;\"><span style=\"vertical-align: inherit;\">[\/vc_column_text][\/vc_column][\/vc_row][vc_row][vc_column]\n\t\t\t<!-- START Inicio Slider REVOLUTION SLIDER 6.5.25 --><p class=\"rs-p-wp-fix\"><\/p>\n\t\t\t<rs-module-wrap id=\"rev_slider_2_1_wrapper\" data-source=\"gallery\" style=\"visibility:hidden;background:transparent;padding:0;margin:0px auto;margin-top:0;margin-bottom:0;\">\n\t\t\t\t<rs-module id=\"rev_slider_2_1\" style=\"\" data-version=\"6.5.25\">\n\t\t\t\t\t<rs-slides>\n\t\t\t\t\t\t<rs-slide style=\"position: absolute;\" data-key=\"rs-2\" data-title=\"Inicio-Slider\" data-in=\"o:0;\" data-out=\"a:false;\">\n\t\t\t\t\t\t\t<img decoding=\"async\" src=\"\/\/blooming.com.mx\/wp-content\/uploads\/2022\/08\/Slide_fondo_02.png\" alt=\"\" title=\"Slide_fondo_02\" width=\"1650\" height=\"700\" class=\"rev-slidebg tp-rs-img\" data-no-retina>\n<!--\n\t\t\t\t\t\t\t--><rs-layer\n\t\t\t\t\t\t\t\tid=\"slider-2-slide-2-layer-0\" \n\t\t\t\t\t\t\t\tdata-type=\"image\"\n\t\t\t\t\t\t\t\tdata-rsp_ch=\"on\"\n\t\t\t\t\t\t\t\tdata-xy=\"xo:114px,114px,114px,43px;yo:102px,102px,102px,38px;\"\n\t\t\t\t\t\t\t\tdata-text=\"w:normal;s:20,20,20,7;l:0,0,0,9;\"\n\t\t\t\t\t\t\t\tdata-dim=\"w:441px,441px,441px,170px;h:441px,441px,441px,170px;\"\n\t\t\t\t\t\t\t\tdata-frame_0=\"x:-100%;skX:45;\"\n\t\t\t\t\t\t\t\tdata-frame_1=\"sp:1000;\"\n\t\t\t\t\t\t\t\tdata-frame_999=\"o:0;st:w;sR:8000;\"\n\t\t\t\t\t\t\t\tstyle=\"z-index:11;\"\n\t\t\t\t\t\t\t><img decoding=\"async\" src=\"\/\/blooming.com.mx\/wp-content\/uploads\/2022\/08\/objetos-me\u0301dicos-op.3.png\" alt=\"Blooming\" class=\"tp-rs-img\" width=\"1000\" height=\"1000\" data-no-retina> \n\t\t\t\t\t\t\t<\/rs-layer><!--\n\n\t\t\t\t\t\t\t--><rs-layer\n\t\t\t\t\t\t\t\tid=\"slider-2-slide-2-layer-2\" \n\t\t\t\t\t\t\t\tdata-type=\"text\"\n\t\t\t\t\t\t\t\tdata-color=\"#565656\"\n\t\t\t\t\t\t\t\tdata-rsp_ch=\"on\"\n\t\t\t\t\t\t\t\tdata-xy=\"xo:627px,627px,627px,241px;yo:211px,211px,211px,81px;\"\n\t\t\t\t\t\t\t\tdata-text=\"w:normal;s:29,29,29,10;l:37,37,37,13;\"\n\t\t\t\t\t\t\t\tdata-dim=\"w:486px,486px,486px,187px;h:120,120,120,46;\"\n\t\t\t\t\t\t\t\tdata-frame_0=\"rX:70deg;oZ:-50;\"\n\t\t\t\t\t\t\t\tdata-frame_1=\"oZ:-50;e:power4.inOut;sp:1750;\"\n\t\t\t\t\t\t\t\tdata-frame_999=\"o:0;st:w;sR:7250;\"\n\t\t\t\t\t\t\t\tstyle=\"z-index:9;font-family:'Roboto';\"\n\t\t\t\t\t\t\t>Somos distribuidores de material de curaci\u00f3n y dispositivos m\u00e9dicos. \n\t\t\t\t\t\t\t<\/rs-layer><!--\n\n\t\t\t\t\t\t\t--><a\n\t\t\t\t\t\t\t\tid=\"slider-2-slide-2-layer-3\" \n\t\t\t\t\t\t\t\tclass=\"rs-layer rev-btn\"\n\t\t\t\t\t\t\t\thref=\"https:\/\/blooming.com.mx\/index.php\/productos\/\" target=\"_self\"\n\t\t\t\t\t\t\t\tdata-type=\"button\"\n\t\t\t\t\t\t\t\tdata-rsp_ch=\"on\"\n\t\t\t\t\t\t\t\tdata-xy=\"x:c;xo:240px,240px,240px,92px;y:m;yo:10px,10px,10px,-220px;\"\n\t\t\t\t\t\t\t\tdata-text=\"w:nowrap;s:36,36,36,13;l:76,76,76,28;fw:500;a:center;\"\n\t\t\t\t\t\t\t\tdata-dim=\"minh:0,0,0,none;\"\n\t\t\t\t\t\t\t\tdata-basealign=\"slide\"\n\t\t\t\t\t\t\t\tdata-padding=\"r:47,47,47,19;l:47,47,47,19;\"\n\t\t\t\t\t\t\t\tdata-border=\"bor:25px,25px,25px,25px;\"\n\t\t\t\t\t\t\t\tdata-frame_0=\"sX:0.9;sY:0.9;\"\n\t\t\t\t\t\t\t\tdata-frame_1=\"st:260;sp:1000;sR:260;\"\n\t\t\t\t\t\t\t\tdata-frame_999=\"o:0;st:w;sR:7740;\"\n\t\t\t\t\t\t\t\tdata-frame_hover=\"bgc:#556fb4;bor:25px,25px,25px,25px;bri:120%;\"\n\t\t\t\t\t\t\t\tstyle=\"z-index:8;background-color:#524f9d;font-family:'Roboto';\"\n\t\t\t\t\t\t\t>Productos  \n\t\t\t\t\t\t\t<\/a><!--\n-->\t\t\t\t\t\t<\/rs-slide>\n\t\t\t\t\t<\/rs-slides>\n\t\t\t\t<\/rs-module>\n\t\t\t\t<script>\n\t\t\t\t\tsetREVStartSize({c: 'rev_slider_2_1',rl:[1240,1240,1240,480],el:[700,700,700,720],gw:[1240,1240,1240,480],gh:[700,700,700,720],type:'standard',justify:'',layout:'fullwidth',mh:\"0\"});if (window.RS_MODULES!==undefined && window.RS_MODULES.modules!==undefined && window.RS_MODULES.modules[\"revslider21\"]!==undefined) {window.RS_MODULES.modules[\"revslider21\"].once = false;window.revapi2 = undefined;if (window.RS_MODULES.checkMinimal!==undefined) window.RS_MODULES.checkMinimal()}\n\t\t\t\t<\/script>\n\t\t\t<\/rs-module-wrap>\n\t\t\t<!-- END REVOLUTION SLIDER -->\n[\/vc_column][\/vc_row][vc_row full_width=&#8221;stretch_row&#8221; css=&#8221;.vc_custom_1658164250099{margin-top: 0px !important;margin-bottom: 0px !important;padding-top: 20px !important;padding-bottom: 20px !important;}&#8221;][vc_column][vc_empty_space height=&#8221;40&#8243;][vc_column_text css_animation=&#8221;bottom-to-top&#8221;]\u00a0<\/span><\/span><\/p>\n<p style=\"text-align: center;\"><span style=\"font-family: Helvetica;\"><strong><span style=\"font-size: 36pt; color: #524f9d;\"><span class=\"light\">Qui\u00e9nes somos<\/span><\/span><\/strong><\/span><\/p>\n<p>[\/vc_column_text][vc_column_text css_animation=&#8221;bottom-to-top&#8221;]<span style=\"font-family: sublima;\">Blooming Distribuciones, S.A de C.V es una empresa especializada en la distribuci\u00f3n de Material de Curaci\u00f3n y Medicamentos de L\u00ednea General que surge de la necesidad de los hospitales de tener un servicio r\u00e1pido y oportuno en los insumos de consumo diario.<\/span><\/p>\n<p><span style=\"font-family: sublima;\">Desde el a\u00f1o 2007 atendemos las necesidades de los hospitales del mercado privado como de gobierno, desarrollando durante este tiempo relaciones s\u00f3lidas tanto con clientes as\u00ed como con nuestros proveedores. <\/span><\/p>\n<p><span style=\"font-family: sublima;\">Blooming Distribuciones, cuenta ya con muchos a\u00f1os de experiencia en el ramo basando su crecimiento gracias al compromiso y experiencia de cada uno de nuestros colaboradores.<\/span>[\/vc_column_text][\/vc_column][\/vc_row][vc_row css=&#8221;.vc_custom_1658771866379{padding-top: 40px !important;}&#8221;][vc_column width=&#8221;1\/2&#8243;][vc_column_text css_animation=&#8221;bottom-to-top&#8221;]<\/p>\n<h1 class=\"title-h5\" style=\"text-align: center;\"><span style=\"font-size: 24pt;\"><strong><span class=\"light\" style=\"font-family: sublima; color: #524f9d;\">MISI\u00d3N:<\/span><\/strong><\/span><\/h1>\n<p>[\/vc_column_text][vc_column_text css_animation=&#8221;bottom-to-top&#8221;]<span style=\"font-family: sublima;\">Distribuir y comercializar Material de Curaci\u00f3n y Medicamentos de L\u00ednea General de la m\u00e1s alta calidad en los hospitales del sector p\u00fablico y privado en la rep\u00fablica mexicana, garantizando siempre una entrega oportuna de nuestros productos.<\/span>[\/vc_column_text][\/vc_column][vc_column width=&#8221;1\/2&#8243;][vc_column_text css_animation=&#8221;bottom-to-top&#8221;]<\/p>\n<h1 class=\"title-h5\" style=\"text-align: center;\"><span style=\"font-size: 24pt;\"><strong><span class=\"light\" style=\"font-family: sublima; color: #524f9d;\">VISI\u00d3N:<\/span><\/strong><\/span><\/h1>\n<p>[\/vc_column_text][vc_column_text css_animation=&#8221;bottom-to-top&#8221;]<span style=\"font-family: sublima;\">Consolidarnos como la primera opci\u00f3n de distribuci\u00f3n entre nuestros clientes a nivel nacional, logrando crecimientos anuales sostenidos que nos permita hacer de Blooming Distribuciones una empresa eficiente y altamente rentable en el corto plazo.<\/span>[\/vc_column_text][\/vc_column][\/vc_row][vc_row full_width=&#8221;stretch_row_content_no_spaces&#8221; equal_height=&#8221;yes&#8221; content_placement=&#8221;middle&#8221; css=&#8221;.vc_custom_1658771168537{margin-bottom: 0px !important;padding-top: 40px !important;}&#8221;][vc_column css=&#8221;.vc_custom_1660320663983{margin-top: 0px !important;margin-bottom: 0px !important;padding-top: 250px !important;padding-bottom: 250px !important;background-image: url(https:\/\/blooming.com.mx\/wp-content\/uploads\/2022\/08\/blooming-1.png?id=1718) !important;background-position: center !important;background-repeat: no-repeat !important;background-size: cover !important;}&#8221; offset=&#8221;vc_col-lg-6 vc_col-md-12 vc_col-xs-12&#8243;][\/vc_column][vc_column disable_custom_paddings_tablet=&#8221;true&#8221; disable_custom_paddings_mobile=&#8221;true&#8221; css=&#8221;.vc_custom_1554909805203{margin-top: 0px !important;margin-bottom: 0px !important;padding-top: 90px !important;padding-right: 80px !important;padding-bottom: 80px !important;padding-left: 80px !important;}&#8221; offset=&#8221;vc_col-lg-6 vc_col-md-12 vc_col-xs-12&#8243;]<div class=\"clearboth\"><\/div><style>#thegem-divider-69f8f1b6b8ea5 {margin-top: -20px !important;}<\/style><div id=\"thegem-divider-69f8f1b6b8ea5\" class=\"gem-divider  \" style=\"\"><\/div>[vc_column_text css_animation=&#8221;bottom-to-top&#8221;]Somos distribuidores de material de curaci\u00f3n y dispositivos m\u00e9dicos, siendo nuestros principales campos de acci\u00f3n la terapia intensiva, el apoyo en la atenci\u00f3n intrahospitalaria y el cuidado avanzado de heridas. Representamos marcas de prestigio mundial y nacional, y tenemos presencia en las principales ciudades del pa\u00eds.[\/vc_column_text]<div class=\"clearboth\"><\/div><style>#thegem-divider-69f8f1b6b90e7 {margin-top: 50px !important;}<\/style><div id=\"thegem-divider-69f8f1b6b90e7\" class=\"gem-divider  \" style=\"\"><\/div>[vc_row_inner][vc_column_inner width=&#8221;1\/2&#8243;]<div class=\"gem-list lazy-loading gem-list-type-checkbox gem-list-color-9\" ><ul>\n<li><span style=\"font-family: sublima;\">EQUIPO COMERCIAL<\/span><\/li>\n<li><span style=\"font-family: sublima;\">ESPECIALISTAS DE PRODUCTOS<\/span><\/li>\n<li><span style=\"font-family: sublima;\">LOG\u00cdSTICA Y DISTRIBUCI\u00d3N<\/span><\/li>\n<\/ul>\n<\/div>[\/vc_column_inner][vc_column_inner width=&#8221;1\/2&#8243;][\/vc_column_inner][\/vc_row_inner][\/vc_column][\/vc_row]<\/p>\n","protected":false},"excerpt":{"rendered":"<p>[vc_row css=&#8221;.vc_custom_1658771225147{padding-bottom: -50px !important;}&#8221;][vc_column][vc_column_text][\/vc_column_text][\/vc_column][\/vc_row][vc_row][vc_column][\/vc_column][\/vc_row][vc_row full_width=&#8221;stretch_row&#8221; css=&#8221;.vc_custom_1658164250099{margin-top: 0px !important;margin-bottom: 0px !important;padding-top: 20px !important;padding-bottom: 20px !important;}&#8221;][vc_column][vc_empty_space height=&#8221;40&#8243;][vc_column_text css_animation=&#8221;bottom-to-top&#8221;]\u00a0 Qui\u00e9nes somos [\/vc_column_text][vc_column_text css_animation=&#8221;bottom-to-top&#8221;]Blooming&#8230;<\/p>\n","protected":false},"author":1,"featured_media":1825,"parent":0,"menu_order":0,"comment_status":"closed","ping_status":"closed","template":"","meta":{"om_disable_all_campaigns":false,"_monsterinsights_skip_tracking":false,"_monsterinsights_sitenote_active":false,"_monsterinsights_sitenote_note":"","_monsterinsights_sitenote_category":0,"_joinchat":[],"footnotes":""},"class_list":["post-1341","page","type-page","status-publish","has-post-thumbnail"],"yoast_head":"<!-- This site is optimized with the Yoast SEO plugin v20.3 - https:\/\/yoast.com\/wordpress\/plugins\/seo\/ -->\n<title>Inicio - Blooming<\/title>\n<meta name=\"description\" content=\"Blooming Distribuciones, S.A de C.V es una empresa especializada en la distribuci\u00f3n de Material de Curaci\u00f3n y Medicamentos de L\u00ednea General\" \/>\n<meta name=\"robots\" content=\"index, follow, max-snippet:-1, max-image-preview:large, max-video-preview:-1\" \/>\n<link rel=\"canonical\" href=\"https:\/\/blooming.com.mx\/\" \/>\n<meta property=\"og:locale\" content=\"es_MX\" \/>\n<meta property=\"og:type\" content=\"article\" \/>\n<meta property=\"og:title\" content=\"Inicio - Blooming\" \/>\n<meta property=\"og:description\" content=\"Blooming Distribuciones, S.A de C.V es una empresa especializada en la distribuci\u00f3n de Material de Curaci\u00f3n y Medicamentos de L\u00ednea General\" \/>\n<meta property=\"og:url\" content=\"https:\/\/blooming.com.mx\/\" \/>\n<meta property=\"og:site_name\" content=\"Blooming\" \/>\n<meta property=\"article:modified_time\" content=\"2023-03-15T16:58:50+00:00\" \/>\n<meta property=\"og:image\" content=\"https:\/\/blooming.com.mx\/wp-content\/uploads\/2023\/03\/Captura-de-pantalla-2023-03-15-105646.png\" \/>\n\t<meta property=\"og:image:width\" content=\"1346\" \/>\n\t<meta property=\"og:image:height\" content=\"729\" \/>\n\t<meta property=\"og:image:type\" content=\"image\/png\" \/>\n<meta name=\"twitter:card\" content=\"summary_large_image\" \/>\n<meta name=\"twitter:label1\" content=\"Tiempo de lectura\" \/>\n\t<meta name=\"twitter:data1\" content=\"2 minutos\" \/>\n<script type=\"application\/ld+json\" class=\"yoast-schema-graph\">{\"@context\":\"https:\/\/schema.org\",\"@graph\":[{\"@type\":\"WebPage\",\"@id\":\"https:\/\/blooming.com.mx\/\",\"url\":\"https:\/\/blooming.com.mx\/\",\"name\":\"Inicio - Blooming\",\"isPartOf\":{\"@id\":\"https:\/\/blooming.com.mx\/#website\"},\"datePublished\":\"2022-01-04T09:02:49+00:00\",\"dateModified\":\"2023-03-15T16:58:50+00:00\",\"description\":\"Blooming Distribuciones, S.A de C.V es una empresa especializada en la distribuci\u00f3n de Material de Curaci\u00f3n y Medicamentos de L\u00ednea General\",\"breadcrumb\":{\"@id\":\"https:\/\/blooming.com.mx\/#breadcrumb\"},\"inLanguage\":\"es\",\"potentialAction\":[{\"@type\":\"ReadAction\",\"target\":[\"https:\/\/blooming.com.mx\/\"]}]},{\"@type\":\"BreadcrumbList\",\"@id\":\"https:\/\/blooming.com.mx\/#breadcrumb\",\"itemListElement\":[{\"@type\":\"ListItem\",\"position\":1,\"name\":\"Inicio\",\"item\":\"https:\/\/blooming.com.mx\/\"},{\"@type\":\"ListItem\",\"position\":2,\"name\":\"Inicio\"}]},{\"@type\":\"WebSite\",\"@id\":\"https:\/\/blooming.com.mx\/#website\",\"url\":\"https:\/\/blooming.com.mx\/\",\"name\":\"Blooming\",\"description\":\"blooming\",\"potentialAction\":[{\"@type\":\"SearchAction\",\"target\":{\"@type\":\"EntryPoint\",\"urlTemplate\":\"https:\/\/blooming.com.mx\/?s={search_term_string}\"},\"query-input\":\"required name=search_term_string\"}],\"inLanguage\":\"es\"}]}<\/script>\n<!-- \/ Yoast SEO plugin. -->","yoast_head_json":{"title":"Inicio - Blooming","description":"Blooming Distribuciones, S.A de C.V es una empresa especializada en la distribuci\u00f3n de Material de Curaci\u00f3n y Medicamentos de L\u00ednea General","robots":{"index":"index","follow":"follow","max-snippet":"max-snippet:-1","max-image-preview":"max-image-preview:large","max-video-preview":"max-video-preview:-1"},"canonical":"https:\/\/blooming.com.mx\/","og_locale":"es_MX","og_type":"article","og_title":"Inicio - Blooming","og_description":"Blooming Distribuciones, S.A de C.V es una empresa especializada en la distribuci\u00f3n de Material de Curaci\u00f3n y Medicamentos de L\u00ednea General","og_url":"https:\/\/blooming.com.mx\/","og_site_name":"Blooming","article_modified_time":"2023-03-15T16:58:50+00:00","og_image":[{"width":1346,"height":729,"url":"https:\/\/blooming.com.mx\/wp-content\/uploads\/2023\/03\/Captura-de-pantalla-2023-03-15-105646.png","type":"image\/png"}],"twitter_card":"summary_large_image","twitter_misc":{"Tiempo de lectura":"2 minutos"},"schema":{"@context":"https:\/\/schema.org","@graph":[{"@type":"WebPage","@id":"https:\/\/blooming.com.mx\/","url":"https:\/\/blooming.com.mx\/","name":"Inicio - Blooming","isPartOf":{"@id":"https:\/\/blooming.com.mx\/#website"},"datePublished":"2022-01-04T09:02:49+00:00","dateModified":"2023-03-15T16:58:50+00:00","description":"Blooming Distribuciones, S.A de C.V es una empresa especializada en la distribuci\u00f3n de Material de Curaci\u00f3n y Medicamentos de L\u00ednea General","breadcrumb":{"@id":"https:\/\/blooming.com.mx\/#breadcrumb"},"inLanguage":"es","potentialAction":[{"@type":"ReadAction","target":["https:\/\/blooming.com.mx\/"]}]},{"@type":"BreadcrumbList","@id":"https:\/\/blooming.com.mx\/#breadcrumb","itemListElement":[{"@type":"ListItem","position":1,"name":"Inicio","item":"https:\/\/blooming.com.mx\/"},{"@type":"ListItem","position":2,"name":"Inicio"}]},{"@type":"WebSite","@id":"https:\/\/blooming.com.mx\/#website","url":"https:\/\/blooming.com.mx\/","name":"Blooming","description":"blooming","potentialAction":[{"@type":"SearchAction","target":{"@type":"EntryPoint","urlTemplate":"https:\/\/blooming.com.mx\/?s={search_term_string}"},"query-input":"required name=search_term_string"}],"inLanguage":"es"}]}},"_links":{"self":[{"href":"https:\/\/blooming.com.mx\/index.php\/wp-json\/wp\/v2\/pages\/1341","targetHints":{"allow":["GET"]}}],"collection":[{"href":"https:\/\/blooming.com.mx\/index.php\/wp-json\/wp\/v2\/pages"}],"about":[{"href":"https:\/\/blooming.com.mx\/index.php\/wp-json\/wp\/v2\/types\/page"}],"author":[{"embeddable":true,"href":"https:\/\/blooming.com.mx\/index.php\/wp-json\/wp\/v2\/users\/1"}],"replies":[{"embeddable":true,"href":"https:\/\/blooming.com.mx\/index.php\/wp-json\/wp\/v2\/comments?post=1341"}],"version-history":[{"count":30,"href":"https:\/\/blooming.com.mx\/index.php\/wp-json\/wp\/v2\/pages\/1341\/revisions"}],"predecessor-version":[{"id":1720,"href":"https:\/\/blooming.com.mx\/index.php\/wp-json\/wp\/v2\/pages\/1341\/revisions\/1720"}],"wp:featuredmedia":[{"embeddable":true,"href":"https:\/\/blooming.com.mx\/index.php\/wp-json\/wp\/v2\/media\/1825"}],"wp:attachment":[{"href":"https:\/\/blooming.com.mx\/index.php\/wp-json\/wp\/v2\/media?parent=1341"}],"curies":[{"name":"wp","href":"https:\/\/api.w.org\/{rel}","templated":true}]}}