{"id":1516,"date":"2022-07-13T19:19:49","date_gmt":"2022-07-13T19:19:49","guid":{"rendered":"https:\/\/blooming.com.mx\/?page_id=1516"},"modified":"2022-08-25T09:41:35","modified_gmt":"2022-08-25T14:41:35","slug":"servicios","status":"publish","type":"page","link":"https:\/\/blooming.com.mx\/index.php\/servicios\/","title":{"rendered":"Servicios"},"content":{"rendered":"<p>[vc_row full_width=&#8221;stretch_row&#8221; css=&#8221;.vc_custom_1586773707314{margin-bottom: 0px !important;background-color: #f0f4f6 !important;}&#8221;][vc_column][vc_column_text css_animation=&#8221;none&#8221; css=&#8221;.vc_custom_1658164811926{margin-top: -10px !important;padding-bottom: 40px !important;}&#8221;]<\/p>\n<h2 style=\"text-align: center;\"><span style=\"color: #524f9d;\"><strong><span style=\"font-family: sublima;\">Nuestros Servicios<\/span><\/strong><\/span><\/h2>\n<p>[\/vc_column_text][vc_row_inner equal_height=&#8221;yes&#8221; css=&#8221;.vc_custom_1661438280690{padding-bottom: -50px !important;background-color: #ffffff !important;}&#8221;][vc_column_inner width=&#8221;1\/3&#8243; css=&#8221;.vc_custom_1657739730304{margin-top: 0px !important;margin-bottom: 0px !important;padding-top: 0px !important;padding-bottom: 0px !important;background-image: url(https:\/\/blooming.com.mx\/wp-content\/uploads\/2022\/07\/servicios.jpg?id=1519) !important;background-position: center !important;background-repeat: no-repeat !important;background-size: cover !important;}&#8221;]<div class=\"clearboth\"><\/div><style>#thegem-divider-69f8f1cb04b53 {margin-top: 314px !important;}<\/style><div id=\"thegem-divider-69f8f1cb04b53\" class=\"gem-divider  \" style=\"\"><\/div>[\/vc_column_inner][vc_column_inner width=&#8221;1\/3&#8243; css=&#8221;.vc_custom_1501671397901{margin-bottom: 0px !important;padding-bottom: 0px !important;background-color: #ffffff !important;}&#8221;]<div class=\"clearboth\"><\/div><style>#thegem-divider-69f8f1cb04e2e {margin-top: 30px !important;}<\/style><div id=\"thegem-divider-69f8f1cb04e2e\" class=\"gem-divider  \" style=\"\"><\/div><div class=\"lazy-loading\" data-ll-item-delay=\"0\"><div class=\"gem-textbox  lazy-loading-item centered-box\"  data-ll-effect=\"move-up\" ><div class=\"gem-textbox-inner\" style=\"\"><div class=\"gem-textbox-content\" style=\"background-position: center top;padding-top: 20px;padding-bottom: 30px;\">[vc_column_text]<\/p>\n<h5 style=\"text-align: center;\"><strong><span style=\"font-family: sublima;\">ESPECIALISTAS DE PRODUCTOS<\/span><\/strong><\/h5>\n<p>[\/vc_column_text]<div class=\"clearboth\"><\/div><style>#thegem-divider-69f8f1cb04f1d {margin-top: 30px !important;}<\/style><div id=\"thegem-divider-69f8f1cb04f1d\" class=\"gem-divider  \" style=\"\"><\/div>[vc_column_text]<\/p>\n<p style=\"text-align: center;\">Al ser distribuidores autorizados, contamos con la presencia, capacitaci\u00f3n y acompa\u00f1amiento constante de los fabricantes, a nuestros ejecutivos de ventas, as\u00ed como a las \u00e1reas usuarias de los hospitales.<\/p>\n<p>[\/vc_column_text]<div class=\"clearboth\"><\/div><style>#thegem-divider-69f8f1cb04f38 {margin-top: 30px !important;}<\/style><div id=\"thegem-divider-69f8f1cb04f38\" class=\"gem-divider  \" style=\"\"><\/div>[vc_column_text css=&#8221;.vc_custom_1660066709844{padding-bottom: -20px !important;}&#8221;]<span style=\"font-family: sublima; font-size: 14pt; color: #e0761d;\"><strong>\u00bfQuieres saber m\u00e1s?<\/strong><\/span>[\/vc_column_text]<div class=\"gem-button-container gem-button-position-center thegem-button-69f8f1cb04fcd3766\"  ><a class=\"gem-button gem-button-size-tiny gem-button-style-flat gem-button-text-weight-normal\" data-ll-effect=\"drop-right-without-wrap\" style=\"border-radius: 0px;background-color: #85cbcc;color: #ffffff;\" onmouseleave=\"this.style.backgroundColor='#85cbcc';this.style.color='#ffffff';\" onmouseenter=\"this.style.backgroundColor='#6ac1b4';this.style.color='#ffffff';\" href=\"https:\/\/blooming.com.mx\/index.php\/contacto\/\" target=\"_self\">Cont\u00e1ctanos<\/a><\/div> <\/div><\/div><\/div><\/div>[\/vc_column_inner][vc_column_inner width=&#8221;1\/3&#8243; css=&#8221;.vc_custom_1658860859046{margin-top: 0px !important;margin-bottom: 0px !important;padding-top: 0px !important;padding-bottom: 0px !important;background-image: url(https:\/\/blooming.com.mx\/wp-content\/uploads\/2022\/07\/12.jpg?id=1636) !important;background-position: center !important;background-repeat: no-repeat !important;background-size: cover !important;}&#8221;]<div class=\"clearboth\"><\/div><style>#thegem-divider-69f8f1cb05016 {margin-top: 314px !important;}<\/style><div id=\"thegem-divider-69f8f1cb05016\" class=\"gem-divider  \" style=\"\"><\/div>[\/vc_column_inner][\/vc_row_inner][vc_row_inner equal_height=&#8221;yes&#8221; css=&#8221;.vc_custom_1661438488214{padding-top: 0px !important;padding-bottom: 0px !important;background-color: #ffffff !important;}&#8221;][vc_column_inner width=&#8221;1\/3&#8243; css=&#8221;.vc_custom_1661438477239{margin-bottom: 0px !important;padding-top: 0px !important;padding-bottom: 0px !important;background-color: #ffffff !important;background-position: center !important;background-repeat: no-repeat !important;background-size: cover !important;}&#8221;]<div class=\"clearboth\"><\/div><style>#thegem-divider-69f8f1cb0502e {margin-top: 30px !important;}<\/style><div id=\"thegem-divider-69f8f1cb0502e\" class=\"gem-divider  \" style=\"\"><\/div><div class=\"lazy-loading\" data-ll-item-delay=\"0\"><div class=\"gem-textbox  lazy-loading-item centered-box\"  data-ll-effect=\"move-up\" ><div class=\"gem-textbox-inner\" style=\"\"><div class=\"gem-textbox-content\" style=\"background-position: center top;padding-top: 20px;padding-bottom: 30px;\">[vc_column_text]<\/p>\n<h5 style=\"text-align: center;\"><strong><span style=\"font-family: sublima;\">EQUIPO COMERCIAL<\/span><\/strong><\/h5>\n<p>[\/vc_column_text]<div class=\"clearboth\"><\/div><style>#thegem-divider-69f8f1cb050a0 {margin-top: 30px !important;}<\/style><div id=\"thegem-divider-69f8f1cb050a0\" class=\"gem-divider  \" style=\"\"><\/div>[vc_column_text]<\/p>\n<p style=\"text-align: center;\">Nuestro equipo comercial se conforma de 5 oficinas regionales, las cuales tienen lugar en CDMX, Estado de M\u00e9xico, Quer\u00e9taro, Guadalajara y Monterrey. Lo anterior nos permite brindar un servicio de excelencia, con tiempos de entrega acordes a las necesidades hospitalarias, y precios justos con relaci\u00f3n a la calidad de nuestros productos.<\/p>\n<p>[\/vc_column_text]<div class=\"clearboth\"><\/div><style>#thegem-divider-69f8f1cb050b2 {margin-top: 30px !important;}<\/style><div id=\"thegem-divider-69f8f1cb050b2\" class=\"gem-divider  \" style=\"\"><\/div>[vc_column_text css=&#8221;.vc_custom_1660066709844{padding-bottom: -20px !important;}&#8221;]<span style=\"font-family: sublima; font-size: 14pt; color: #e0761d;\"><strong>\u00bfQuieres saber m\u00e1s?<\/strong><\/span>[\/vc_column_text]<div class=\"gem-button-container gem-button-position-center thegem-button-69f8f1cb051026918\"  ><a class=\"gem-button gem-button-size-tiny gem-button-style-flat gem-button-text-weight-normal\" data-ll-effect=\"drop-right-without-wrap\" style=\"border-radius: 0px;background-color: #85cbcc;color: #ffffff;\" onmouseleave=\"this.style.backgroundColor='#85cbcc';this.style.color='#ffffff';\" onmouseenter=\"this.style.backgroundColor='#6ac1b4';this.style.color='#ffffff';\" href=\"https:\/\/blooming.com.mx\/index.php\/contacto\/\" target=\"_self\">Cont\u00e1ctanos<\/a><\/div> <\/div><\/div><\/div><\/div>[\/vc_column_inner][vc_column_inner width=&#8221;1\/3&#8243; css=&#8221;.vc_custom_1661438483153{margin-top: 0px !important;margin-bottom: 0px !important;padding-top: 0px !important;padding-bottom: 0px !important;background-image: url(https:\/\/blooming.com.mx\/wp-content\/uploads\/2022\/07\/doctor-1.webp?id=1637) !important;background-position: center !important;background-repeat: no-repeat !important;background-size: cover !important;}&#8221;]<div class=\"clearboth\"><\/div><style>#thegem-divider-69f8f1cb0513b {margin-top: 314px !important;}<\/style><div id=\"thegem-divider-69f8f1cb0513b\" class=\"gem-divider  \" style=\"\"><\/div>[\/vc_column_inner][vc_column_inner width=&#8221;1\/3&#8243; css=&#8221;.vc_custom_1661438369803{margin-bottom: 0px !important;background-color: #ffffff !important;background-position: center !important;background-repeat: no-repeat !important;background-size: cover !important;}&#8221;]<div class=\"clearboth\"><\/div><style>#thegem-divider-69f8f1cb05162 {margin-top: 30px !important;}<\/style><div id=\"thegem-divider-69f8f1cb05162\" class=\"gem-divider  \" style=\"\"><\/div><div class=\"lazy-loading\" data-ll-item-delay=\"0\"><div class=\"gem-textbox  lazy-loading-item centered-box\"  data-ll-effect=\"move-up\" ><div class=\"gem-textbox-inner\" style=\"\"><div class=\"gem-textbox-content\" style=\"background-position: center top;padding-top: 20px;padding-bottom: 30px;\">[vc_column_text]<\/p>\n<h5 style=\"text-align: center;\"><strong><span style=\"vertical-align: inherit; font-family: sublima; font-size: 14pt;\"><span style=\"vertical-align: inherit;\"><span style=\"vertical-align: inherit;\"><span style=\"vertical-align: inherit;\">LOG\u00cdSTICA Y\u00a0<\/span><\/span><\/span><\/span><span style=\"font-family: sublima;\"><span style=\"font-size: 18.6667px;\">DISTRIBUCI\u00d3N<\/span><\/span><\/strong><\/h5>\n<p>[\/vc_column_text]<div class=\"clearboth\"><\/div><style>#thegem-divider-69f8f1cb051bf {margin-top: 30px !important;}<\/style><div id=\"thegem-divider-69f8f1cb051bf\" class=\"gem-divider  \" style=\"\"><\/div>[vc_column_text]<\/p>\n<p style=\"text-align: center;\">Cada una de nuestras oficinas regionales cuenta con inventario propio, garantizando existencias y tiempos de entrega ajustados a las necesidades de cada uno de nuestros clientes.<\/p>\n<p>[\/vc_column_text]<div class=\"clearboth\"><\/div><style>#thegem-divider-69f8f1cb051d3 {margin-top: 30px !important;}<\/style><div id=\"thegem-divider-69f8f1cb051d3\" class=\"gem-divider  \" style=\"\"><\/div>[vc_column_text css=&#8221;.vc_custom_1660066709844{padding-bottom: -20px !important;}&#8221;]<span style=\"font-family: sublima; font-size: 14pt; color: #e0761d;\"><strong>\u00bfQuieres saber m\u00e1s?<\/strong><\/span>[\/vc_column_text]<div class=\"gem-button-container gem-button-position-center thegem-button-69f8f1cb052463675\"  ><a class=\"gem-button gem-button-size-tiny gem-button-style-flat gem-button-text-weight-normal\" data-ll-effect=\"drop-right-without-wrap\" style=\"border-radius: 0px;background-color: #85cbcc;color: #ffffff;\" onmouseleave=\"this.style.backgroundColor='#85cbcc';this.style.color='#ffffff';\" onmouseenter=\"this.style.backgroundColor='#6ac1b4';this.style.color='#ffffff';\" href=\"https:\/\/blooming.com.mx\/index.php\/contacto\/\" target=\"_self\">Cont\u00e1ctanos<\/a><\/div> <\/div><\/div><\/div><\/div>[\/vc_column_inner][\/vc_row_inner][\/vc_column][\/vc_row]<\/p>\n","protected":false},"excerpt":{"rendered":"<p>[vc_row full_width=&#8221;stretch_row&#8221; css=&#8221;.vc_custom_1586773707314{margin-bottom: 0px !important;background-color: #f0f4f6 !important;}&#8221;][vc_column][vc_column_text css_animation=&#8221;none&#8221; css=&#8221;.vc_custom_1658164811926{margin-top: -10px !important;padding-bottom: 40px !important;}&#8221;] Nuestros Servicios [\/vc_column_text][vc_row_inner equal_height=&#8221;yes&#8221; css=&#8221;.vc_custom_1661438280690{padding-bottom: -50px !important;background-color:&#8230;<\/p>\n","protected":false},"author":1,"featured_media":0,"parent":0,"menu_order":0,"comment_status":"closed","ping_status":"closed","template":"","meta":{"om_disable_all_campaigns":false,"_monsterinsights_skip_tracking":false,"_monsterinsights_sitenote_active":false,"_monsterinsights_sitenote_note":"","_monsterinsights_sitenote_category":0,"_joinchat":[],"footnotes":""},"class_list":["post-1516","page","type-page","status-publish"],"yoast_head":"<!-- This site is optimized with the Yoast SEO plugin v20.3 - https:\/\/yoast.com\/wordpress\/plugins\/seo\/ -->\n<title>Servicios - Blooming<\/title>\n<meta name=\"robots\" content=\"index, follow, max-snippet:-1, max-image-preview:large, max-video-preview:-1\" \/>\n<link rel=\"canonical\" href=\"https:\/\/blooming.com.mx\/index.php\/servicios\/\" \/>\n<meta property=\"og:locale\" content=\"es_MX\" \/>\n<meta property=\"og:type\" content=\"article\" \/>\n<meta property=\"og:title\" content=\"Servicios - Blooming\" \/>\n<meta property=\"og:description\" content=\"[vc_row full_width=&#8221;stretch_row&#8221; css=&#8221;.vc_custom_1586773707314{margin-bottom: 0px !important;background-color: #f0f4f6 !important;}&#8221;][vc_column][vc_column_text css_animation=&#8221;none&#8221; css=&#8221;.vc_custom_1658164811926{margin-top: -10px !important;padding-bottom: 40px !important;}&#8221;] Nuestros Servicios [\/vc_column_text][vc_row_inner equal_height=&#8221;yes&#8221; css=&#8221;.vc_custom_1661438280690{padding-bottom: -50px !important;background-color:...\" \/>\n<meta property=\"og:url\" content=\"https:\/\/blooming.com.mx\/index.php\/servicios\/\" \/>\n<meta property=\"og:site_name\" content=\"Blooming\" \/>\n<meta property=\"article:modified_time\" content=\"2022-08-25T14:41:35+00:00\" \/>\n<meta name=\"twitter:card\" content=\"summary_large_image\" \/>\n<meta name=\"twitter:label1\" content=\"Tiempo de lectura\" \/>\n\t<meta name=\"twitter:data1\" content=\"4 minutos\" \/>\n<script type=\"application\/ld+json\" class=\"yoast-schema-graph\">{\"@context\":\"https:\/\/schema.org\",\"@graph\":[{\"@type\":\"WebPage\",\"@id\":\"https:\/\/blooming.com.mx\/index.php\/servicios\/\",\"url\":\"https:\/\/blooming.com.mx\/index.php\/servicios\/\",\"name\":\"Servicios - Blooming\",\"isPartOf\":{\"@id\":\"https:\/\/blooming.com.mx\/#website\"},\"datePublished\":\"2022-07-13T19:19:49+00:00\",\"dateModified\":\"2022-08-25T14:41:35+00:00\",\"breadcrumb\":{\"@id\":\"https:\/\/blooming.com.mx\/index.php\/servicios\/#breadcrumb\"},\"inLanguage\":\"es\",\"potentialAction\":[{\"@type\":\"ReadAction\",\"target\":[\"https:\/\/blooming.com.mx\/index.php\/servicios\/\"]}]},{\"@type\":\"BreadcrumbList\",\"@id\":\"https:\/\/blooming.com.mx\/index.php\/servicios\/#breadcrumb\",\"itemListElement\":[{\"@type\":\"ListItem\",\"position\":1,\"name\":\"Inicio\",\"item\":\"https:\/\/blooming.com.mx\/\"},{\"@type\":\"ListItem\",\"position\":2,\"name\":\"Servicios\"}]},{\"@type\":\"WebSite\",\"@id\":\"https:\/\/blooming.com.mx\/#website\",\"url\":\"https:\/\/blooming.com.mx\/\",\"name\":\"Blooming\",\"description\":\"blooming\",\"potentialAction\":[{\"@type\":\"SearchAction\",\"target\":{\"@type\":\"EntryPoint\",\"urlTemplate\":\"https:\/\/blooming.com.mx\/?s={search_term_string}\"},\"query-input\":\"required name=search_term_string\"}],\"inLanguage\":\"es\"}]}<\/script>\n<!-- \/ Yoast SEO plugin. -->","yoast_head_json":{"title":"Servicios - Blooming","robots":{"index":"index","follow":"follow","max-snippet":"max-snippet:-1","max-image-preview":"max-image-preview:large","max-video-preview":"max-video-preview:-1"},"canonical":"https:\/\/blooming.com.mx\/index.php\/servicios\/","og_locale":"es_MX","og_type":"article","og_title":"Servicios - Blooming","og_description":"[vc_row full_width=&#8221;stretch_row&#8221; css=&#8221;.vc_custom_1586773707314{margin-bottom: 0px !important;background-color: #f0f4f6 !important;}&#8221;][vc_column][vc_column_text css_animation=&#8221;none&#8221; css=&#8221;.vc_custom_1658164811926{margin-top: -10px !important;padding-bottom: 40px !important;}&#8221;] Nuestros Servicios [\/vc_column_text][vc_row_inner equal_height=&#8221;yes&#8221; css=&#8221;.vc_custom_1661438280690{padding-bottom: -50px !important;background-color:...","og_url":"https:\/\/blooming.com.mx\/index.php\/servicios\/","og_site_name":"Blooming","article_modified_time":"2022-08-25T14:41:35+00:00","twitter_card":"summary_large_image","twitter_misc":{"Tiempo de lectura":"4 minutos"},"schema":{"@context":"https:\/\/schema.org","@graph":[{"@type":"WebPage","@id":"https:\/\/blooming.com.mx\/index.php\/servicios\/","url":"https:\/\/blooming.com.mx\/index.php\/servicios\/","name":"Servicios - Blooming","isPartOf":{"@id":"https:\/\/blooming.com.mx\/#website"},"datePublished":"2022-07-13T19:19:49+00:00","dateModified":"2022-08-25T14:41:35+00:00","breadcrumb":{"@id":"https:\/\/blooming.com.mx\/index.php\/servicios\/#breadcrumb"},"inLanguage":"es","potentialAction":[{"@type":"ReadAction","target":["https:\/\/blooming.com.mx\/index.php\/servicios\/"]}]},{"@type":"BreadcrumbList","@id":"https:\/\/blooming.com.mx\/index.php\/servicios\/#breadcrumb","itemListElement":[{"@type":"ListItem","position":1,"name":"Inicio","item":"https:\/\/blooming.com.mx\/"},{"@type":"ListItem","position":2,"name":"Servicios"}]},{"@type":"WebSite","@id":"https:\/\/blooming.com.mx\/#website","url":"https:\/\/blooming.com.mx\/","name":"Blooming","description":"blooming","potentialAction":[{"@type":"SearchAction","target":{"@type":"EntryPoint","urlTemplate":"https:\/\/blooming.com.mx\/?s={search_term_string}"},"query-input":"required name=search_term_string"}],"inLanguage":"es"}]}},"_links":{"self":[{"href":"https:\/\/blooming.com.mx\/index.php\/wp-json\/wp\/v2\/pages\/1516","targetHints":{"allow":["GET"]}}],"collection":[{"href":"https:\/\/blooming.com.mx\/index.php\/wp-json\/wp\/v2\/pages"}],"about":[{"href":"https:\/\/blooming.com.mx\/index.php\/wp-json\/wp\/v2\/types\/page"}],"author":[{"embeddable":true,"href":"https:\/\/blooming.com.mx\/index.php\/wp-json\/wp\/v2\/users\/1"}],"replies":[{"embeddable":true,"href":"https:\/\/blooming.com.mx\/index.php\/wp-json\/wp\/v2\/comments?post=1516"}],"version-history":[{"count":21,"href":"https:\/\/blooming.com.mx\/index.php\/wp-json\/wp\/v2\/pages\/1516\/revisions"}],"predecessor-version":[{"id":1790,"href":"https:\/\/blooming.com.mx\/index.php\/wp-json\/wp\/v2\/pages\/1516\/revisions\/1790"}],"wp:attachment":[{"href":"https:\/\/blooming.com.mx\/index.php\/wp-json\/wp\/v2\/media?parent=1516"}],"curies":[{"name":"wp","href":"https:\/\/api.w.org\/{rel}","templated":true}]}}